
What is the hundreds digit of 7223080?
0
What is the hundred thousands digit of 1012475?
0
What is the thousands digit of 7745195?
5
What is the ten millions digit of 24207792?
2
What is the hundreds digit of 1192129?
1
What is the units digit of 40664521?
1
What is the ten thousands digit of 193021?
9
What is the hundred thousands digit of 32311922?
3
What is the tens digit of 2143055?
5
What is the hundreds digit of 479890?
8
What is the hundreds digit of 2490120?
1
What is the units digit of 6853396?
6
What is the units digit of 638672?
2
What is the thousands digit of 425061?
5
What is the tens digit of 260059?
5
What is the thousands digit of 766101?
6
What is the thousands digit of 1212433?
2
What is the thousands digit of 893229?
3
What is the units digit of 393772?
2
What is the units digit of 482341?
1
What is the tens digit of 303299?
9
What is the ten thousands digit of 5356382?
5
What is the hundreds digit of 7112197?
1
What is the ten thousands digit of 19692392?
9
What is the ten thousands digit of 9235943?
3
What is the hundred thousands digit of 749461?
7
What is the thousands digit of 20086998?
6
What is the ten thousands digit of 23893415?
9
What is the hundreds digit of 300936?
9
What is the millions digit of 2525842?
2
What is the hundreds digit of 6374788?
7
What is the ten thousands digit of 5270031?
7
What is the hundred thousands digit of 4926783?
9
What is the hundreds digit of 36411?
4
What is the hundred thousands digit of 2600067?
6
What is the tens digit of 413818?
1
What is the ten thousands digit of 220573?
2
What is the thousands digit of 493007?
3
What is the tens digit of 592147?
4
What is the hundred thousands digit of 2983658?
9
What is the hundreds digit of 22691122?
1
What is the tens digit of 250504?
0
What is the millions digit of 18118121?
8
What is the hundreds digit of 1765140?
1
What is the hundreds digit of 2445632?
6
What is the hundreds digit of 9239557?
5
What is the ten thousands digit of 502688?
0
What is the units digit of 328822?
2
What is the tens digit of 2394006?
0
What is the thousands digit of 2830242?
0
What is the hundreds digit of 621543?
5
What is the units digit of 350435?
5
What is the thousands digit of 3298379?
8
What is the tens digit of 357177?
7
What is the ten thousands digit of 4501327?
0
What is the units digit of 163753?
3
What is the hundreds digit of 1065232?
2
What is the tens digit of 18785?
8
What is the units digit of 558680?
0
What is the hundreds digit of 15103177?
1
What is the hundred thousands digit of 1931887?
9
What is the hundred thousands digit of 864071?
8
What is the ten thousands digit of 104958?
0
What is the hundreds digit of 8444068?
0
What is the millions digit of 1123537?
1
What is the millions digit of 4161017?
4
What is the units digit of 323693?
3
What is the tens digit of 228145?
4
What is the units digit of 195075?
5
What is the ten thousands digit of 10470497?
7
What is the thousands digit of 86900?
6
What is the ten thousands digit of 905197?
0
What is the millions digit of 4508283?
4
What is the hundreds digit of 700134?
1
What is the units digit of 1019853?
3
What is the hundreds digit of 4716702?
7
What is the units digit of 1324537?
7
What is the millions digit of 7354599?
7
What is the thousands digit of 711101?
1
What is the ten thousands digit of 11752525?
5
What is the units digit of 8810?
0
What is the hundreds digit of 167368?
3
What is the units digit of 5594862?
2
What is the hundreds digit of 1546110?
1
What is the hundreds digit of 665776?
7
What is the ten thousands digit of 294972?
9
What is the tens digit of 3134719?
1
What is the units digit of 3766629?
9
What is the hundreds digit of 132724?
7
What is the ten thousands digit of 4120643?
2
What is the tens digit of 46558?
5
What is the hundred thousands digit of 221872?
2
What is the millions digit of 2451227?
2
What is the ten thousands digit of 15158277?
5
What is the thousands digit of 2375764?
5
What is the hundreds digit of 973389?
3
What is the ten thousands digit of 61342?
6
What is the hundred thousands digit of 7450861?
4
What is the thousands digit of 796719?
6
What is the tens digit of 63249?
4
What is the hundred thousands digit of 596322?
5
What is the ten thousands digit of 1038858?
3
What is the millions digit of 2329005?
2
What is the hundreds digit of 385382?
3
What is the hundred thousands digit of 307622?
3
What is the ten thousands digit of 322358?
2
What is the thousands digit of 955262?
5
What is the ten thousands digit of 1614449?
1
What is the thousands digit of 1979278?
9
What is the hundreds digit of 167450?
4
What is the hundreds digit of 275439?
4
What is the hundred thousands digit of 230079?
2
What is the hundreds digit of 734168?
1
What is the thousands digit of 3045014?
5
What is the hundreds digit of 402269?
2
What is the ten thousands digit of 49566?
4
What is the thousands digit of 494871?
4
What is the units digit of 224668?
8
What is the hundreds digit of 467441?
4
What is the millions digit of 4093865?
4
What is the thousands digit of 9025344?
5
What is the hundred thousands digit of 423369?
4
What is the hundreds digit of 321589?
5
What is the thousands digit of 795978?
5
What is the thousands digit of 2073452?
3
What is the tens digit of 1075654?
5
What is the millions digit of 5125672?
5
What is the ten thousands digit of 1565740?
6
What is the hundred thousands digit of 1287150?
2
What is the units digit of 109906?
6
What is the millions digit of 5504637?
5
What is the units digit of 2406630?
0
What is the hundreds digit of 3530760?
7
What is the hundreds digit of 189484?
4
What is the thousands digit of 29244271?
4
What is the tens digit of 9488938?
3
What is the ten thousands digit of 900056?
0
What is the millions digit of 3183217?
3
What is the ten millions digit of 17159554?
1
What is the thousands digit of 776017?
6
What is the hundreds digit of 3030636?
6
What is the hundred thousands digit of 11915730?
9
What is the thousands digit of 107635?
7
What is the units digit of 339898?
8
What is the hundred thousands digit of 10847517?
8
What is the thousands digit of 94211?
4
What is the hundreds digit of 7889664?
6
What is the tens digit of 232496?
9
What is the ten thousands digit of 1899594?
9
What is the hundred thousands digit of 24720806?
7
What is the hundred thousands digit of 514587?
5
What is the hundred thousands digit of 2524592?
5
What is the units digit of 26923884?
4
What is the ten thousands digit of 262168?
6
What is the hundred thousands digit of 167089?
1
What is the units digit of 7656753?
3
What is the hundreds digit of 2131432?
4
What is the thousands digit of 16643805?
3
What is the tens digit of 17064327?
2
What is the tens digit of 232027?
2
What is the hundreds digit of 18097488?
4
What is the ten millions digit of 13057505?
1
What is the tens digit of 20169835?
3
What is the ten thousands digit of 704223?
0
What is the ten thousands digit of 21978415?
7
What is the tens digit of 14502894?
9
What is the thousands digit of 69017?
9
What is the hundred thousands digit of 299708?
2
What is the hundreds digit of 593252?
2
What is the units digit of 42713?
3
What is the units digit of 761717?
7
What is the thousands digit of 177685?
7
What is the tens digit of 49783?
8
What is the hundreds digit of 227957?
9
What is the thousands digit of 12815124?
5
What is the units digit of 14062302?
2
What is the ten thousands digit of 1002191?
0
What is the hundreds digit of 555130?
1
What is the hundred thousands digit of 959603?
9
What is the hundred thousands digit of 7398838?
3
What is the millions digit of 2767771?
2
What is the thousands digit of 5810426?
0
What is the hundreds digit of 19487?
4
What is the hundreds digit of 4284345?
3
What is the ten thousands digit of 16639614?
3
What is the thousands digit of 211778?
1
What is the tens digit of 4873756?
5
What is the thousands digit of 311034?
1
What is the units digit of 31110544?
4
What is the ten thousands digit of 113910?
1
What is the tens digit of 516601?
0
What is the thousands digit of 312090?
2
What is the millions digit of 5504995?
5
What is the thousands digit of 611946?
1
What is the units digit of 70100?
0
What is the units digit of 1222676?
6
Wh